{"id":417,"date":"2017-08-07T16:26:06","date_gmt":"2017-08-07T14:26:06","guid":{"rendered":"http:\/\/www.cheminsdorient.com\/?post_type=product&#038;p=417"},"modified":"2019-01-18T10:47:07","modified_gmt":"2019-01-18T09:47:07","slug":"magnifique-statue-de-sri-dewi-bronze-indouisme-bouddhisme-antique","status":"publish","type":"product","link":"https:\/\/www.cheminsdorient.com\/index.php\/produit\/magnifique-statue-de-sri-dewi-bronze-indouisme-bouddhisme-antique\/","title":{"rendered":"Magnifique statue de Sri Dewi en bronze indouisme bouddhisme antique"},"content":{"rendered":"<p><strong>SRI DEWI en bronze antique<\/strong><\/p>\n<p>En&nbsp;<a href=\"https:\/\/fr.wikipedia.org\/wiki\/Indon%C3%A9sie\">Indon\u00e9sie<\/a>,&nbsp;<strong>Dewi Sri<\/strong>, \u00ab\u00a0la d\u00e9esse Sri\u00a0\u00bb, est la d\u00e9esse de la fertilit\u00e9 et du riz. C&rsquo;est un autre nom de&nbsp;<a href=\"https:\/\/fr.wikipedia.org\/wiki\/Lakshmi\">Lakshmi<\/a>.<\/p>\n<p>\u00c0&nbsp;<a href=\"https:\/\/fr.wikipedia.org\/wiki\/Java_%28%C3%AEle%29\">Java<\/a>, la tradition exige qu&rsquo;un coin de la maison, tenu secret, lui soit consacr\u00e9.<\/p>\n<p>Chez les&nbsp;<a href=\"https:\/\/fr.wikipedia.org\/wiki\/Bugis\">Bugis<\/a>&nbsp;du&nbsp;<a href=\"https:\/\/fr.wikipedia.org\/wiki\/Sulawesi_du_Sud\">sud<\/a>&nbsp;de l&rsquo;\u00eele de&nbsp;<a href=\"https:\/\/fr.wikipedia.org\/wiki\/Sulawesi\">Sulawesi<\/a>, elle s&rsquo;appelle Sangiang Serri, et est, dans l&rsquo;<a href=\"https:\/\/fr.wikipedia.org\/wiki\/%C3%89pop%C3%A9e\">\u00e9pop\u00e9e<\/a>&nbsp;<em><a href=\"https:\/\/fr.wikipedia.org\/wiki\/La_Galigo\">La Galigo<\/a><\/em>, le premier enfant terrestre de Batara Guru, fils de Datu Patoto, la divinit\u00e9 supr\u00eame du panth\u00e9on bugis. Sangiang Serri meurt au bout de sept jours, est enterr\u00e9e et rena\u00eet sous la forme du riz.<\/p>\n<p>Hauteur sans le socle : 59 cm<\/p>\n<p>Hauteur avec socle : 85 cm<\/p>\n<p>Profondeur : 25 cm<\/p>\n<p>Largeur : 33 cm<\/p>\n<p>Socle : 20 x 20 x 15 cm<\/p>\n<p>La statue n&rsquo;est pas d\u00e9ssoclable<\/p>\n<p itemprop=\"name\">Cr\u00e9dit photo : Alphonse Bernard Seny&nbsp; <a href=\"http:\/\/www.alphbseny.net\/\">w<span>ww.alphbseny.net<\/span><\/a><\/p>\n","protected":false},"excerpt":{"rendered":"<p>SRI DEWI en bronze antique En&nbsp;Indon\u00e9sie,&nbsp;Dewi Sri, \u00ab\u00a0la d\u00e9esse Sri\u00a0\u00bb, est la d\u00e9esse de la fertilit\u00e9 et du riz. C&rsquo;est un autre nom de&nbsp;Lakshmi. \u00c0&nbsp;Java, la tradition exige qu&rsquo;un coin de la maison, tenu secret, lui soit consacr\u00e9. Chez les&nbsp;Bugis&nbsp;du&nbsp;sud&nbsp;de l&rsquo;\u00eele de&nbsp;Sulawesi, elle s&rsquo;appelle Sangiang Serri, et est, dans l&rsquo;\u00e9pop\u00e9e&nbsp;La [&hellip;]<\/p>\n","protected":false},"featured_media":542,"comment_status":"open","ping_status":"closed","template":"","meta":[],"product_brand":[],"product_cat":[34,45,42],"product_tag":[],"class_list":{"0":"post-417","1":"product","2":"type-product","3":"status-publish","4":"has-post-thumbnail","6":"product_cat-deco","7":"product_cat-statues","8":"product_cat-indonesie","10":"first","11":"outofstock","12":"taxable","13":"shipping-taxable","14":"purchasable","15":"product-type-simple"},"jetpack_sharing_enabled":true,"jetpack-related-posts":[{"id":554,"url":"https:\/\/www.cheminsdorient.com\/index.php\/produit\/magnifique-krishna-bronze\/","url_meta":{"origin":417,"position":0},"title":"Magnifique Krishna en bronze","author":"Benmaud","date":"26 novembre 2017","format":false,"excerpt":"Magnifique Krishna en bronze","rel":"","context":"Article similaire","block_context":{"text":"Article similaire","link":""},"img":{"alt_text":"krishna","src":"https:\/\/i0.wp.com\/www.cheminsdorient.com\/wp-content\/uploads\/2017\/11\/MG_8845_1.jpg?fit=800%2C1200&ssl=1&resize=350%2C200","width":350,"height":200,"srcset":"https:\/\/i0.wp.com\/www.cheminsdorient.com\/wp-content\/uploads\/2017\/11\/MG_8845_1.jpg?fit=800%2C1200&ssl=1&resize=350%2C200 1x, https:\/\/i0.wp.com\/www.cheminsdorient.com\/wp-content\/uploads\/2017\/11\/MG_8845_1.jpg?fit=800%2C1200&ssl=1&resize=525%2C300 1.5x, https:\/\/i0.wp.com\/www.cheminsdorient.com\/wp-content\/uploads\/2017\/11\/MG_8845_1.jpg?fit=800%2C1200&ssl=1&resize=700%2C400 2x"},"classes":[]},{"id":784,"url":"https:\/\/www.cheminsdorient.com\/index.php\/produit\/peigne-ornemental-en-ecaille-de-tortue-indonesie\/","url_meta":{"origin":417,"position":1},"title":"Peigne ornemental en \u00e9caille de tortue  &#8211; Indon\u00e9sie","author":"Benmaud","date":"17 janvier 2019","format":false,"excerpt":"Peigne ornemental en \u00e9caille de tortue de l'\u00eele de Sumba en Indon\u00e9sie\u00a0","rel":"","context":"Article similaire","block_context":{"text":"Article similaire","link":""},"img":{"alt_text":"","src":"https:\/\/i0.wp.com\/www.cheminsdorient.com\/wp-content\/uploads\/2019\/01\/DSCN2379_resultat.jpg?fit=600%2C799&ssl=1&resize=350%2C200","width":350,"height":200,"srcset":"https:\/\/i0.wp.com\/www.cheminsdorient.com\/wp-content\/uploads\/2019\/01\/DSCN2379_resultat.jpg?fit=600%2C799&ssl=1&resize=350%2C200 1x, https:\/\/i0.wp.com\/www.cheminsdorient.com\/wp-content\/uploads\/2019\/01\/DSCN2379_resultat.jpg?fit=600%2C799&ssl=1&resize=525%2C300 1.5x"},"classes":[]},{"id":804,"url":"https:\/\/www.cheminsdorient.com\/index.php\/produit\/coiffe-traditionnelle-de-malaisie\/","url_meta":{"origin":417,"position":2},"title":"Coiffe traditionnelle de Malaisie","author":"Benmaud","date":"17 janvier 2019","format":false,"excerpt":"Tr\u00e8s belle coiffe traditionnelle de Orang Ulu en Malaisie","rel":"","context":"Article similaire","block_context":{"text":"Article similaire","link":""},"img":{"alt_text":"","src":"https:\/\/i0.wp.com\/www.cheminsdorient.com\/wp-content\/uploads\/2019\/01\/DSCN2394_resultat.jpg?fit=600%2C776&ssl=1&resize=350%2C200","width":350,"height":200,"srcset":"https:\/\/i0.wp.com\/www.cheminsdorient.com\/wp-content\/uploads\/2019\/01\/DSCN2394_resultat.jpg?fit=600%2C776&ssl=1&resize=350%2C200 1x, https:\/\/i0.wp.com\/www.cheminsdorient.com\/wp-content\/uploads\/2019\/01\/DSCN2394_resultat.jpg?fit=600%2C776&ssl=1&resize=525%2C300 1.5x"},"classes":[]},{"id":792,"url":"https:\/\/www.cheminsdorient.com\/index.php\/produit\/collier-de-ceremonie-papou\/","url_meta":{"origin":417,"position":3},"title":"COLLIER DE CEREMONIE PAPOU","author":"Benmaud","date":"17 janvier 2019","format":false,"excerpt":"Collier de c\u00e9r\u00e9monie papou avec t\u00eate de casoar","rel":"","context":"Article similaire","block_context":{"text":"Article similaire","link":""},"img":{"alt_text":"","src":"https:\/\/i0.wp.com\/www.cheminsdorient.com\/wp-content\/uploads\/2019\/01\/DSCN2385_resultat.jpg?fit=600%2C791&ssl=1&resize=350%2C200","width":350,"height":200,"srcset":"https:\/\/i0.wp.com\/www.cheminsdorient.com\/wp-content\/uploads\/2019\/01\/DSCN2385_resultat.jpg?fit=600%2C791&ssl=1&resize=350%2C200 1x, https:\/\/i0.wp.com\/www.cheminsdorient.com\/wp-content\/uploads\/2019\/01\/DSCN2385_resultat.jpg?fit=600%2C791&ssl=1&resize=525%2C300 1.5x"},"classes":[]},{"id":813,"url":"https:\/\/www.cheminsdorient.com\/index.php\/produit\/tete-de-cheval-sculptee-en-bois-du-timor\/","url_meta":{"origin":417,"position":4},"title":"T\u00eate de cheval sculpt\u00e9e en bois du Timor","author":"Benmaud","date":"17 janvier 2019","format":false,"excerpt":"Art premier du timor. Tr\u00e8s belle t\u00eate de cheval en bois.","rel":"","context":"Article similaire","block_context":{"text":"Article similaire","link":""},"img":{"alt_text":"","src":"https:\/\/i0.wp.com\/www.cheminsdorient.com\/wp-content\/uploads\/2019\/01\/cheval-en-bois-du-timor_7.jpg?fit=600%2C776&ssl=1&resize=350%2C200","width":350,"height":200,"srcset":"https:\/\/i0.wp.com\/www.cheminsdorient.com\/wp-content\/uploads\/2019\/01\/cheval-en-bois-du-timor_7.jpg?fit=600%2C776&ssl=1&resize=350%2C200 1x, https:\/\/i0.wp.com\/www.cheminsdorient.com\/wp-content\/uploads\/2019\/01\/cheval-en-bois-du-timor_7.jpg?fit=600%2C776&ssl=1&resize=525%2C300 1.5x"},"classes":[]}],"jetpack_likes_enabled":true,"_links":{"self":[{"href":"https:\/\/www.cheminsdorient.com\/index.php\/wp-json\/wp\/v2\/product\/417","targetHints":{"allow":["GET"]}}],"collection":[{"href":"https:\/\/www.cheminsdorient.com\/index.php\/wp-json\/wp\/v2\/product"}],"about":[{"href":"https:\/\/www.cheminsdorient.com\/index.php\/wp-json\/wp\/v2\/types\/product"}],"replies":[{"embeddable":true,"href":"https:\/\/www.cheminsdorient.com\/index.php\/wp-json\/wp\/v2\/comments?post=417"}],"wp:featuredmedia":[{"embeddable":true,"href":"https:\/\/www.cheminsdorient.com\/index.php\/wp-json\/wp\/v2\/media\/542"}],"wp:attachment":[{"href":"https:\/\/www.cheminsdorient.com\/index.php\/wp-json\/wp\/v2\/media?parent=417"}],"wp:term":[{"taxonomy":"product_brand","embeddable":true,"href":"https:\/\/www.cheminsdorient.com\/index.php\/wp-json\/wp\/v2\/product_brand?post=417"},{"taxonomy":"product_cat","embeddable":true,"href":"https:\/\/www.cheminsdorient.com\/index.php\/wp-json\/wp\/v2\/product_cat?post=417"},{"taxonomy":"product_tag","embeddable":true,"href":"https:\/\/www.cheminsdorient.com\/index.php\/wp-json\/wp\/v2\/product_tag?post=417"}],"curies":[{"name":"wp","href":"https:\/\/api.w.org\/{rel}","templated":true}]}}